culate the greatest common factor of t and 8.
8
Suppose -4*a - 4*h = -h - 81, -2*h = -a + 12. What is the greatest common factor of 144 and a?
18
Suppose -6 = -2*q - 5*i, -3*q - 12 = -5*i + 2*i. Let v be q/(-15) - 579/(-45). What is the highest common divisor of 13 and v?
13
Let w(f) = -f**3 + f**2 - 3*f - 2. Let c be w(-2). Suppose -h - 2*h + 48 = 0. What is the greatest common divisor of c and h?
16
Suppose -33 = -3*z - 6*b + b, -33 = -3*z + 2*b. Suppose z*h - 54 = 9*h. Calculate the highest common factor of 216 and h.
27
Suppose 8*t - 4*t = -4*g, -g - 2*t - 3 = 0. Suppose -g*i + 0 = -21. Calculate the highest common factor of 1 and i.
1
Let p(o) = o**2 + 8*o + 4. Let l be p(-7). Let z = 21 + l. What is the highest common factor of 180 and z?
18
Let x(w) = -2*w**3 + 2*w**2 + 3*w + 1. Let i be x(-1). Calculate the highest common divisor of i and 4.
2
Suppose -1 = g - 4. Suppose 4*a = g*a + 7. Suppose 320 = a*l - 2*l. What is the greatest common factor of 8 and l?
8
Suppose 4*c - s = -0*s + 483, 2*c - 237 = -s. Let o be c/9*(-108)/(-15). What is the greatest common divisor of 12 and o?
12
Suppose 0*j + 30 = 2*j. Let b = j + -13. What is the greatest common divisor of 14 and b?
2
Let b(w) = 2*w - 3. Let s be b(3). Suppose 4*j - 39 - 9 = 0. Calculate the greatest common divisor of s and j.
3
Let d = 34 + -2. What is the highest common divisor of 16 and d?
16
Let s = -171 + 259. Let w = 1 - -7. Calculate the greatest common factor of w and s.
8
Let k be -5 - -13 - (1 - 2). What is the highest common divisor of k and 45?
9
Suppose -39 = -5*g + 2*g. What is the greatest common divisor of g and 65?
13
Let i = -364 - -620. What is the greatest common divisor of 32 and i?
32
Let q be (2/(-40)*-8)/(1/115). What is the highest common factor of q and 322?
46
Suppose -2*g + 8 = -2. Let x(a) = a**2 - 3*a - 7. Let y be x(g). Let d be (-97)/(-6) + y/(-18). What is the greatest common divisor of 4 and d?
4
Let r(b) = b**2 - 1. Let j be r(-2). Suppose -j*d + n + 361 = 0, 123 = d - 0*n + n. What is the highest common divisor of d and 11?
11
Let o be (-48)/(-64) - 274/(-8). What is the highest common factor of 7 and o?
7
Let b be -3*2*32/(-6). Let m be (0*(-1)/(-3))/(-1). Suppose 2*n = -m*n + 2*p + b, -4*n - 3*p + 64 = 0. What is the greatest common factor of 40 and n?
8
Suppose -4*k = -2*m + m - 8, 5*m - 11 = 3*k. Suppose 11 = -k*w - 7. Let u be ((-16)/w - 0)*3. What is the highest common factor of u and 24?
8
Suppose -j = -3*o + 1 - 0, 0 = -o + 1. Let a be 1/(((-4)/(-54))/j). Let l = 70 + -67. Calculate the greatest common factor of l and a.
3
Suppose 2*l + 3*p - 19 = 0, -3*l + 5*l = -2*p + 14. Suppose -143 = -4*a - i, l*i + 128 = 5*a - 54. Calculate the highest common divisor of a and 54.
18
Let t be (23 - -1) + -2 + 2*-1. What is the highest common divisor of t and 2?
2
Let n(d) = 4*d - 30. Let x be n(9). Let z be (-4)/(-14) - 103/(-7). What is the greatest common divisor of z and x?
3
Suppose -2*k + 18 = 2*z - 7*k, -2*z + k = -10. Calculate the highest common divisor of z and 14.
2
Let y = 15 - 11. Let x be (4/(-8))/((-1)/y). What is the greatest common factor of 10 and x?
2
Suppose c + 46 + 24 = 0. Let m = c - -124. What is the greatest common divisor of 6 and m?
6
Suppose -3*h - 8 = -4*h. Let z be (-8)/5*(-45)/18. What is the greatest common factor of z and h?
4
Let j(o) = -31*o - 2. Let s be j(-2). What is the highest common factor of 40 and s?
20
Let o(l) = -57*l - 608. Let c be o(-11). Suppose 5*h - 2 = 4*h. Let v be h/((-2)/(-171) - 0). What is the greatest common factor of v and c?
19
Let c be (-1)/(-2)*-2 + 4. Calculate the greatest common factor of 9 and c.
3
Let t = 4 - 1. What is the highest common factor of t and 6?
3
Suppose t = -7 - 1. Let f be t/10*(-350)/4. Let r(u) = -u**3 - 14*u**2 + 12*u - 17. Let p be r(-15). What is the greatest common factor of f and p?
14
Let x(g) = 14*g + 4. Let b(q) = 14*q + 4. Let t(a) = -4*b(a) + 3*x(a). Let o be t(-2). Calculate the greatest common divisor of 12 and o.
12
Let s(i) = 2*i**2 + 9*i - 69. Let o(b) = b**2 + 4*b - 34. Let z(t) = -9*o(t) + 4*s(t). Let u be z(0). What is the greatest common factor of u and 10?
10
Suppose -24 = -6*i + 2*i. Calculate the highest common divisor of i and 72.
6
Suppose -j - 4*o - 2 + 24 = 0, 4*j - 2*o - 34 = 0. What is the highest common divisor of 110 and j?
10
Let v be (2 - (-3)/(-3)) + 11. Let g be v + -1 + 8/4. What is the highest common divisor of 78 and g?
13
Suppose 5*o = -4*t + 29, 0 = -0*o + 3*o + 9. Let w(h) = 49*h + 1. Let v be w(2). Calculate the greatest common factor of t and v.
11
Let c be 2 - (12/(-3))/(-2). Suppose -d + 4*d - 6 = c. Suppose -5*b = -3*k + 208 - 844, d*k = -3*b + 374. Calculate the greatest common divisor of b and 14.
14
Let g(j) be the second derivative of j**4/12 - j**3 + 2*j. Let i be g(6). Suppose i*r + 48 = 4*r. Calculate the highest common divisor of r and 12.
12
Let o = 6 - 1. Suppose 4*d - 2*d = 10. Suppose d*x = 2*c - 16 - o, 3*x - 27 = -c. What is the greatest common divisor of c and 3?
3
Suppose -m + 9 = -3*s, -4*m - 33 = -9*m + 3*s. Let n(t) = t**2 - 3*t + 2. Let b be n(7). Calculate the highest common factor of m and b.
6
Let r = -38 - -39. Calculate the highest common divisor of r and 3.
1
Let k be (-42)/(-11) + 4/22. Let i be 2 + (k - 3) + 37. What is the greatest common factor of i and 8?
8
Let f be 346/14 - 8/(-28). Let k be (1 + -2)/(6/(-1650)). What is the greatest common divisor of k and f?
25
Suppose -5 = h - 23. Let n(c) = 13*c**2 - c - 5. Let z be n(2). Calculate the greatest common divisor of h and z.
9
Let s(g) be the second derivative of 21*g**3/2 - g**2/2 - 2*g. Let a be s(1). Let t be a - 3*(-4)/(-6). What is the highest common divisor of 12 and t?
12
Suppose 12 + 16 = 4*m. Let g(c) be the second derivative of -3*c**3 + c**2 - 5*c. Let o be g(-3). What is the highest common divisor of m and o?
7
Suppose -81 = -4*a - 5*m, -m - 7 + 26 = a. Calculate the highest common divisor of a and 154.
14
Let z = 12 - -36. What is the highest common divisor of z and 12?
12
Let b = 81 + -65. What is the highest common factor of 6 and b?
2
Let r be (-1 - -9)*(5 - -5). Calculate the greatest common divisor of 8 and r.
8
Let f be 2/4*(-1 + 9). Suppose -2*u + r - 18 = 3*u, -3*u - 20 = 4*r. Let c be (-5)/(-1) + u + f. What is the highest common divisor of 1 and c?
1
Suppose 0 = -2*l - 2*l - 20. Let y be 2*(-4)/l*5. Let f be 4/(-6)*6/(-4). What is the greatest common factor of y and f?
1
Let g(b) = -10*b**3 - 3*b**2 - 3*b - 3. Let m be g(-2). Suppose -4*f = -3*p - m, -3*f + 5*p = -4*f - 11. Calculate the highest common factor of f and 98.
14
Suppose w - 5*g - 2 = -25, -5*w - 3*g = -25. Let r(h) = 5*h**2 - 5*h + 4. Let m be r(w). What is the highest common divisor of m and 84?
14
Suppose 0 = -11*a + a + 110. Suppose -4*q = 3*i - 44, 55 = 3*q + 2*q - 2*i. What is the highest common divisor of q and a?
11
Suppose 0 = -2*u - 22 + 192. Calculate the greatest common factor of u and 17.
17
Suppose 2*p + 4*a = -0*p + 168, -5*p = 5*a - 410. Calculate the highest common divisor of p and 16.
16
Let h(j) = -2*j**3 + 2*j**2 + 2. Let r(k) = 3*k**3 - k**2 - 3. Let y(f) = -4*h(f) - 3*r(f). Let c be y(-5). What is the highest common divisor of c and 1?
1
Let b(w) = -4*w - 72. Let p be b(-21). Calculate the greatest common divisor of p and 132.
12
Suppose -95 = -2*h + 121. What is the greatest common divisor of h and 81?
27
Suppose -2*w + 14 = -8. Suppose 0 = -0*p - p + 11. What is the greatest common divisor of w and p?
11
Let t be (-3 - 3)*8/(-3). Suppose -4*l + 38 = c, -2*l + 5*c - 4*c = -t. Calculate the highest common factor of 63 and l.
9
Suppose t - 262 = -5*o - 18, -o - 4*t = -64. Let a = 84 - o. What is the greatest common factor of 24 and a?
12
Let s(z) be the first derivative of -1 - 4*z + 1/2*z**2. Let l be s(12). What is the greatest common divisor of l and 64?
8
Let t(q) = -q**3 - 10*q**2 + 4*q + 19. Let u be t(-11). What is the greatest common factor of 12 and u?
12
Let r(z) = z**2 + 6*z - 4. Let o be r(-8). What is the greatest common factor of o and 12?
12
Let s be 2/(-6) - 8/(-6). Suppose -5*x + s = -f, 4*f = 2*f + 2*x + 22. Let v = -26 - -40. What is the greatest common divisor of f and v?
14
Let f = -30 - -24. Let v be (-2)/f + 176